n divisor of 576 and 72?
72
Calculate the highest common factor of 240 and 10.
10
Calculate the greatest common factor of 56347 and 67.
67
What is the highest common divisor of 738 and 2050?
82
What is the greatest common divisor of 34 and 646?
34
What is the highest common factor of 532 and 28?
28
What is the greatest common factor of 22 and 616?
22
What is the highest common factor of 253 and 594?
11
Calculate the greatest common factor of 186 and 496.
62
What is the greatest common factor of 5589 and 828?
207
Calculate the highest common divisor of 1572 and 12.
12
Calculate the greatest common factor of 164 and 697.
41
Calculate the greatest common factor of 712 and 8.
8
What is the highest common divisor of 152 and 1960?
8
What is the greatest common factor of 738 and 4920?
246
Calculate the greatest common divisor of 70 and 70.
70
Calculate the greatest common factor of 68 and 4.
4
What is the highest common factor of 70 and 8630?
10
What is the greatest common factor of 6204 and 132?
132
What is the greatest common factor of 8 and 314?
2
What is the highest common divisor of 111 and 2997?
111
What is the greatest common divisor of 876 and 84?
12
What is the greatest common factor of 58178 and 38?
38
What is the highest common divisor of 9 and 603?
9
What is the highest common divisor of 143 and 88?
11
Calculate the greatest common divisor of 37 and 115.
1
What is the greatest common factor of 5 and 375?
5
What is the highest common factor of 1400 and 3780?
140
What is the highest common divisor of 294 and 1372?
98
Calculate the greatest common factor of 372 and 12.
12
Calculate the highest common divisor of 34 and 31858.
34
What is the greatest common divisor of 10927 and 147?
49
What is the highest common factor of 112 and 64?
16
What is the highest common factor of 1344 and 7?
7
What is the highest common divisor of 98 and 182?
14
Calculate the highest common factor of 1040 and 5.
5
What is the highest common divisor of 138 and 506?
46
Calculate the highest common factor of 1586 and 122.
122
Calculate the greatest common factor of 119 and 68.
17
Calculate the highest common divisor of 23867 and 116.
29
What is the greatest common factor of 40 and 230?
10
Calculate the highest common divisor of 918 and 510.
102
What is the highest common factor of 73 and 2628?
73
Calculate the highest common factor of 221 and 374.
17
What is the greatest common factor of 960 and 390?
30
Calculate the highest common divisor of 275 and 11.
11
Calculate the highest common factor of 36 and 1.
1
What is the highest common divisor of 1071 and 63?
63
Calculate the greatest common divisor of 1518 and 99.
33
What is the highest common factor of 116 and 1450?
58
Calculate the highest common factor of 10580 and 20.
20
What is the highest common factor of 315 and 360?
45
Calculate the greatest common divisor of 2596 and 44.
44
Calculate the highest common divisor of 12118 and 73.
73
Calculate the highest common factor of 416 and 64.
32
Calculate the highest common divisor of 14130 and 450.
90
Calculate the greatest common factor of 8625 and 138.
69
What is the highest common divisor of 944 and 272?
16
Calculate the highest common divisor of 251 and 35893.
251
Calculate the highest common factor of 395 and 316.
79
Calculate the greatest common factor of 24 and 132.
12
Calculate the greatest common factor of 63 and 3353.
7
What is the highest common divisor of 576 and 9?
9
What is the greatest common divisor of 32 and 416?
32
What is the highest common factor of 35 and 3095?
5
Calculate the highest common factor of 40 and 17040.
40
Calculate the greatest common divisor of 2191 and 5947.
313
Calculate the highest common factor of 44 and 176.
44
What is the greatest common factor of 16 and 528?
16
Calculate the highest common factor of 14 and 7966.
14
Calculate the highest common divisor of 1130 and 6102.
226
Calculate the greatest common divisor of 236 and 1475.
59
Calculate the greatest common factor of 54 and 1746.
18
What is the greatest common divisor of 12 and 372?
12
What is the highest common divisor of 459 and 51?
51
What is the greatest common factor of 39 and 143?
13
What is the highest common factor of 2 and 252?
2
Calculate the greatest common factor of 550 and 200.
50
What is the greatest common divisor of 682 and 242?
22
Calculate the greatest common divisor of 2 and 9704.
2
Calculate the greatest common factor of 238 and 170.
34
What is the highest common factor of 231 and 42?
21
Calculate the greatest common factor of 129 and 2021.
43
Calculate the greatest common divisor of 3800 and 200.
200
What is the greatest common divisor of 671 and 11?
11
What is the greatest common factor of 224 and 11816?
56
Calculate the greatest common factor of 93860 and 52.
52
Calculate the highest common divisor of 2035 and 22.
11
What is the greatest common divisor of 35 and 28?
7
What is the greatest common factor of 21 and 49?
7
Calculate the highest common factor of 4505 and 53.
53
Calculate the highest common factor of 12 and 16.
4
What is the highest common divisor of 539 and 16324?
77
What is the highest common divisor of 64 and 136?
8
Calculate the highest common divisor of 64 and 568.
8
Calculate the highest common divisor of 671 and 55.
11
What is the highest common factor of 846 and 36?
18
What is the highest common divisor of 123 and 9?
3
What is the highest common divisor of 6193 and 33?
11
Calculate the greatest common factor of 279 and 3875.
31
Calculate the greatest common factor of 7535 and 55.
55
Calculate the highest common factor of 86 and 1161.
43
What is the greatest common factor of 840 and 720?
120
What is the greatest common divisor of 21 and 7?
7
What is the highest common factor of 540 and 198?
18
Calculate the highest common factor of 712 and 89.
89
Calculate the greatest common factor of 532 and 252.
28
What is the greatest common divisor of 160 and 710?
10
What is the greatest common divisor of 91 and 9919?
91
What is the greatest common divisor of 23 and 92?
23
What is the greatest common factor of 24 and 48?
24
What is the greatest common divisor of 115 and 529?
23
Calculate the highest common divisor of 33530 and 70.
70
What is the greatest common divisor of 725 and 203?
29
What is the highest common factor of 328 and 2460?
164
What is the highest common divisor of 33 and 4532?
11
Calculate the highest common factor of 126 and 42.
42
Calculate the greatest common divisor of 112 and 658.
14
Calculate the greatest common divisor of 220 and 572.
44
Calculate the greatest common factor of 88 and 4774.
22
What is the highest common factor of 2809 and 106?
53
Calculate the greatest common divisor of 12 and 2982.
6
Calculate the greatest common factor of 55 and 15455.
55
Calculate the highest common divisor of 24 and 3.
3
What is the highest common factor of 66 and 588?
6
What is the highest common factor of 13 and 1?
1
What is the greatest common factor of 603 and 72?
9
Calculate the greatest common factor of 4 and 2420.
4
Calculate the greatest common factor of 651 and 186.
93
Calculate the highest common factor of 63 and 91.
7
What is the highest common divisor of 28 and 7?
7
Calculate the greatest common divisor of 45 and 80.
5
Calculate the greatest common factor of 781 and 142.
71
Calculate the highest common divisor of 15 and 2535.
15
What is the greatest common factor of 106 and 2014?
106
Calculate the greatest common divisor of 10 and 58.
2
What is the highest common divisor of 5 and 6595?
5
Calculate the greatest common factor of 592 and 333.
37
What is the greatest common divisor of 79668 and 72?
36
Calculate the greatest common factor of 108 and 324.
108
What is the greatest common factor of 168 and 72?
24
What is the greatest common divisor of 204 and 36?
12
Calculate the greatest common factor of 5320 and 80.
40
Calculate the highest common factor of 1712 and 128.
16
Calculate the greatest common divisor of 81 and 1.
1
What is the greatest common factor of 7614 and 162?
162
Calculate the greatest common factor of 36 and 10746.
18
What is the highest common factor of 8448 and 84?
12
What is the greatest common factor of 1224 and 24?
24
What is the highest common divisor of 3381 and 4704?
147
Calculate the greatest common divisor